of 4?
False
Let g(n) = 187*n**3 + 24*n**2 - 141*n + 8. Does 287 divide g(5)?
False
Suppose -305 = -v - 4*v. Suppose 5*i - 16 = -v. Is 28 a factor of (-680)/(-6) - (-3)/i?
False
Let h be 1 + 1 + -6*(-20)/(-15). Let g(y) = -4*y**3 - 10*y**2 - 12*y - 6. Is 9 a factor of g(h)?
False
Let f(t) = 28*t**2 - 76*t + 963. Does 54 divide f(20)?
False
Let k(g) = 14*g**2 + g**2 + 18 - 8*g**2 + 14*g + g**3 - 2*g**3 - 12. Let j(f) = -f**2 + 7*f - 3. Let u be j(5). Is k(u) a multiple of 20?
False
Let d(i) = 7*i**2. Let b be d(1). Let n(z) = -z**2 + 28*z - 6. Let p be n(b). Suppose -4*a + 2*v + p = -3*a, -717 = -5*a - 2*v. Is a a multiple of 25?
False
Suppose 443089 = 25*d - 92861. Is d a multiple of 34?
False
Let z(r) = -r**2 - 7*r + 17. Let u be z(-9). Let w be (-4 - -8) + (3 - -2)*u. Does 6 divide 1 - (-72 + (-2)/(w + 2))?
False
Suppose 4*b - 5*t = 194, -6*t + 7*t - 136 = -3*b. Let a = -44 + b. Is 21 a factor of 1440/8 - a/(-2)?
False
Suppose 2*k + 14 = -4*c, -3*k + 7*k = 3*c + 27. Suppose -4*y - d + 1045 = 0, k*d = 4*y + 2*d - 1051. Does 3 divide y?
False
Suppose 2*r - 15676 = 3*h, -r + 4022 + 3843 = 3*h. Does 59 divide r?
True
Let f = 42823 + -28266. Does 12 divide f?
False
Suppose 0 = -11*d + 2*d - 342. Let g = -34 - d. Suppose -380 = -l - g*l. Is l a multiple of 19?
True
Let b = -25683 + 27551. Is b a multiple of 2?
True
Let u(z) = 14*z**2 - 172*z**3 - 41 - 21*z + 83*z**3 + 3 + 88*z**3. Does 34 divide u(11)?
False
Is 70 a factor of (2 + 3636 + 2)/(((-210)/(-75))/7)?
True
Let f = 13131 - 8861. Is f a multiple of 24?
False
Let w(j) = -96*j + 820. Is 7 a factor of w(0)?
False
Suppose -2*b + 16524 = 5*r, -2*r + 6*b + 6624 = 2*b. Is r a multiple of 38?
True
Let r be (-276)/28 - (-1)/(-28)*4. Is (-37)/(-1) - r/(-5) a multiple of 5?
True
Suppose 17*j + 11188 - 33356 = 0. Is 10 a factor of j/48 - (-10)/12?
False
Let q = 150 + -86. Let c = 3 + -1. Suppose c*d + q = 192. Does 7 divide d?
False
Let r(f) = 4*f**2 - 8*f + 73. Does 69 divide r(-27)?
False
Let g(c) = -c**3 + 5*c**2 - 3*c + 1. Let y = 50 - 47. Let f be g(y). Let d(l) = l**3 - 10*l**2 + 4*l - 4. Does 17 divide d(f)?
False
Let h(m) = 10*m**3 - 3*m**2 - 3*m + 2. Let i be h(4). Is 58 a factor of -1*(-9)/(45/(-10)) + i?
True
Let q(h) = -2*h**2 + h + 2. Let t be q(-2). Let z(d) = -2*d**3 - 16*d**2 + 5. Let o be z(t). Suppose 0 = -o*v + 2*v + 99. Is 8 a factor of v?
False
Let j = -1067 + 1071. Suppose -37 = -3*p - 5*g, -p - 14 = -4*g + 2. Suppose p*q - 5*u = 76, -j*q = q + 4*u - 136. Is 2 a factor of q?
True
Suppose -34 = -2*s + 2*t, 4*s - t + 7 = 84. Suppose 16 = 4*r, -4*u + 0*r - 8 = -4*r. Suppose -u*f + 48 = -4*l, -5*l + 0*l = -s. Is f a multiple of 14?
False
Suppose -5438 = -18*l + 20*l. Let v = l + 4419. Is 100 a factor of v?
True
Suppose -4*i = 2*h + 118, 0 = i - h + 44 - 10. Let x = -53 + -35. Let u = i - x. Is u a multiple of 19?
True
Suppose 0 = -0*v + 2*v + 12*v - 51730. Is 3 a factor of v?
False
Let c = 176 - 178. Is c/((-4)/18 + 3542/16236) a multiple of 35?
False
Let y = 14419 - -21101. Is y a multiple of 45?
False
Suppose -1756 = -29*d + 1724. Suppose -4*m = -2*u - d, -4*u + 3*u = -m + 30. Does 10 divide m?
True
Suppose 69*z = 65*z + 704. Let i = z - -314. Does 11 divide i?
False
Let s(n) = n**3 + 9*n**2 + 4*n - 7. Let t(l) = l**2. Let y(g) = -s(g) + 5*t(g). Suppose 5*v + 31 = a, 17 - 4 = -2*v + a. Does 26 divide y(v)?
False
Suppose 67057 = 24*g - 108767. Does 33 divide g?
True
Does 102 divide 126/14 - ((-8293)/(-2))/(18/(-108))?
True
Let n = -214 - -252. Suppose -2*r + 66 = -r. Let m = r - n. Is m a multiple of 19?
False
Suppose 9*y = 2*b + 12*y + 12, -3*y + 30 = -5*b. Does 4 divide (b/(-4))/((-63)/(-546))?
False
Suppose 186*u - 827328 = 47*u. Is 16 a factor of u?
True
Suppose 4*u = l - 13, -16*u - 10 = -11*u. Let b(w) = 145*w - 43. Is b(l) a multiple of 62?
True
Suppose -338*u + 400*u = 682. Suppose 414 = -4*f + 5*f - 2*v, -v + 408 = f. Suppose g - u*g = -f. Is g a multiple of 15?
False
Suppose 4*b = 4*y - 912, 2*y = -0*b + 5*b + 453. Let k = -154 + y. Suppose 0 = 2*h - h - k. Is 15 a factor of h?
True
Let i be 8/(24/(-1443)) + 0/(-2). Let y = i + 704. Does 17 divide y?
False
Let w = 64402 - 8784. Does 10 divide w?
False
Let l = 81 - 75. Suppose -u - 175 = -l*u. Is 35 a factor of u?
True
Let v(h) = 2*h**2 + 14*h - 156. Let q be v(7). Is 16 a factor of 168/(-2)*3/((-9)/q)?
True
Suppose 1597 = -3*a - 4*s - 2315, -4*a - 3*s - 5209 = 0. Let x = -881 - a. Is x a multiple of 17?
False
Suppose -195057 = -24*i + 133287. Does 20 divide i?
False
Suppose -43 = 5*y - 283. Let h = y - 15. Does 11 divide h?
True
Let i be 1/(-3) + (-5 - 202/(-3)). Let o = 65 - i. Suppose o*b - 20 - 58 = 0. Is b a multiple of 13?
True
Let l be 90/63*(-1 + 1380). Suppose 5*n + 2*w - l + 422 = 0, 2*n - 628 = -3*w. Is 44 a factor of n?
True
Let k(j) = j**3 - 24*j**2 + 21*j + 17. Let b be k(22). Let r = b + 885. Is r a multiple of 6?
True
Let g be (18/21)/((-668)/224 + 3). Suppose 25*i + g = 26*i. Suppose -4*w + 17 = -d + 43, i = 4*d - 2*w. Is d a multiple of 5?
True
Suppose 83*q + 486 - 6926 = -78*q. Does 5 divide q?
True
Let y(p) = 3*p**2 + 94*p - 103. Is y(89) a multiple of 29?
False
Suppose 32489*f + 1612535 = 32550*f. Is f a multiple of 17?
True
Suppose -4*r = -8*y - 92128, 44692 = 3*r - 5*y - 24411. Is r a multiple of 23?
True
Let l(t) = 48*t**2 + 33*t + 33. Is l(-2) a multiple of 5?
False
Let i = 503 - 266. Suppose 2*z + 57 = -i. Let w = 217 + z. Is 35 a factor of w?
True
Let u be (-270)/(-144) - 1/(-8). Suppose -7*g - u*g = -3906. Does 45 divide g?
False
Let r = -1427 - -1559. Is 33 a factor of r?
True
Let k be (-1)/(-2) - (-51)/(-6). Let x be (-2*(-44)/16 + -5)*4. Is x - -2*(-4)/k a multiple of 3?
True
Does 22 divide -1 - -11 - (-266 - 12)?
False
Suppose -36*r = -32673 - 213073 - 40526. Is r a multiple of 14?
True
Let t(k) = 6*k**2 + 16*k - 54. Let x be t(3). Suppose 2*u - p = 1792, 47*u - 2*p = x*u - 906. Does 18 divide u?
False
Let n(x) = -5*x + 9. Let z(o) = 11*o - 19. Let d be (-5)/20 + 34/8. Let v(b) = d*z(b) + 9*n(b). Is 6 a factor of v(-13)?
True
Suppose 2*i = 5*g - 68, 5*i = 12*g - 15*g - 170. Let q(b) = b**2 + 25*b + 252. Is q(i) a multiple of 21?
False
Let k(p) = 3*p**3 + 11*p**2 + 32*p - 12. Let g(x) = x**3 - x**2 - 1. Suppose 7*l - 8 - 6 = 0. Let n(q) = l*g(q) - k(q). Is n(-10) a multiple of 30?
True
Let p = 20 + -17. Suppose -z - 9 = p*c, -2*z + 7*c - 5*c = -6. Suppose -2*f - 4*f + 288 = z. Does 16 divide f?
True
Let r = -4309 + 14893. Is r a multiple of 12?
True
Suppose -3*u + a = -0*a - 10, -4*a + 45 = 5*u. Suppose 9 = -2*y + u. Is 3 + 1 - (466/y - -5) a multiple of 29?
True
Let l(q) = 2563*q**2 + 15*q - 82. Does 81 divide l(4)?
True
Let u(t) = 15*t**3 - 9*t**2 + 9*t - 5. Let h be u(5). Suppose 3*j + h = 8*j. Is 16 a factor of j?
False
Is 4 a factor of 10901 - (-4 + 20 - 7)?
True
Suppose 673*h = 671*h - 2096 + 10664. Is h a multiple of 21?
True
Suppose -3*t + 33 = -6. Suppose -t*y = -18*y + 185. Does 11 divide y?
False
Suppose 4*d + 105 = -243. Let m = d - -244. Does 8 divide m?
False
Let s(j) = j**3 - 5*j**2 - 9*j - 6. Let m be s(7). Let a(b) = -b**2 - 15*b + 52. Let q be a(-18). Is 19 a factor of (m/q)/(2 + (-5)/2)?
False
Suppose 9*p = 15*p. Suppose 16*h - 17*h + 4 = p. Suppose 9*u - c - 212 = h*u, 2*u = -3*c + 78. Does 21 divide u?
True
Let w(v) = 8*v**2 + 13*v + 14. Let o be w(-6). Let y be o/2 - (-5 - -8 - 2). Is 2 a factor of 4/(-14) + y/21?
False
Let c(f) = -5*f + 350. Let l be (28/(-1))/((-26)/6 - -5). Is c(l) a multiple of 5?
True
Let s(w) = 54*w + 2. Let b be s(2). Let d be (3 + (34 - 3))*(-1 + 0). Let v = b - d. Does 12 divide v?
True
Let v be 3/3 - 4/(-4). Suppose -5*f = 5*w - 3*w - 32, 4*w - 40 = v*f. Suppose 0 = -w*t + 15*t - 356. Does 13 divide t?
False
Let i = 143 + -143. Let o(y) = 3*y + 332. Does 29 divide o(i)?
False
Suppose 83*b - 152*b + 713184 = 0. Is b a multiple of 8?
True
Suppose -30 = -23*g + 16. Is 43 a factor of (3342/(-18))/(g/(-12))?
False
Suppose 395*d = 201*d + 895504. Is 185 a factor of d?
False
Suppose -2*d + 13 = 3*o, -2*o + 6 + 2 = 2*d. Suppose 4*t - 921 = -o*g, 2*g + 942 = -4*t + 8*t. Is 26 a factor of t?
True
Let x(u) = -u**3 + 5*u**2 + u - 11. Let o be x(4). Let n be o/5*45/27. Is 3 a factor of -3*((-85)/n + 1 + 1)?
False
Suppose -2*o - 13 = -3*p + 16, -o = -p + 1